ivisor of q and 42.
14
Suppose 3*k - 27 = 2*s, -14 = -5*k + 2*s + 27. Suppose c - 39 = -k. What is the highest common factor of c and 4?
4
Let k be (-87)/(-27) + (-8)/36. Suppose k = j - 5*q - 3, j + 4*q + 3 = 0. Calculate the greatest common divisor of 6 and j.
1
Suppose -56 = 38*j - 45*j. Suppose 4*z = h + 17, h - 2*z + 4 = -h. Suppose h*i - 2*l - j = -3*l, 5*l = -20. Calculate the greatest common divisor of 36 and i.
4
Let p(o) = 199*o**3 - 1. Let t be p(-1). Let u = 987 - 1099. Let m = u - t. Calculate the greatest common divisor of 8 and m.
8
Suppose 18*n - 224 = 14*n. What is the highest common divisor of n and 238?
14
Suppose 15*a - m + 100 = 19*a, 0 = 5*a - 2*m - 112. Suppose -4*z - 572 = -3*g, -2*g - 4*z + 222 = -166. Calculate the greatest common divisor of g and a.
24
Let g be (-126)/(7/((-21)/2)). Let a be 3/9*(3 + g). What is the greatest common divisor of a and 80?
16
Suppose 4*n - 4*q = 40, 45 = 15*n - 11*n - 5*q. Calculate the greatest common divisor of n and 225.
5
Let t be 1/((-310)/(-154) + -2). Let k = 43 + t. Suppose 17*p - 275 + 20 = 0. Calculate the highest common factor of k and p.
15
Let p(n) = -2*n - 6. Let m(t) = t - 3. Let k be m(6). Suppose c = k*c + 16. Let a be p(c). Calculate the greatest common factor of 80 and a.
10
Let i be ((-8)/(-3))/((-2)/(-3)). Suppose i*u - 342 = 2*u. Suppose -5*f + 18 = -77. Calculate the highest common factor of f and u.
19
Let z = -15 - -3. Let u = -5 - z. What is the greatest common divisor of u and 7?
7
Suppose -g + 0 - 1 = 0, y - g = 4. Let d be (27 - -3)/(-1 + y). Calculate the greatest common factor of d and 30.
15
Suppose -768 = -a - 4*d, 2*a = -4*d + 856 + 692. What is the greatest common divisor of a and 30?
30
Let k(u) = u**3 + 13*u**2 + 13*u + 2. Let y be k(-12). Let i = -8 - y. What is the greatest common divisor of 2 and i?
2
Let j(m) = -m**3 + 7*m**2 - 5*m - 5. Let b be 2*5*(-27)/(-45). Let o be j(b). Let h = -161 + 169. What is the greatest common divisor of h and o?
1
Suppose -15*k = -17*k + 984. Calculate the highest common factor of 287 and k.
41
Let g be (0 + -2)/(2/4). Let z be (-6860)/90 + g/(-18). Let h = z + 108. Calculate the greatest common divisor of 4 and h.
4
Suppose -4*k - 47 = -3*w, 51*k - 55*k = -16. What is the greatest common divisor of 21 and w?
21
Suppose -10*i - 8 = -14*i, 0 = -n + 5*i + 65. What is the highest common divisor of n and 525?
75
Let n(z) = 5*z**2 + 6*z - 7. Let t be n(1). Suppose 0 = -t*b + 9*b - 20. Let c = 39 - 3. Calculate the greatest common divisor of b and c.
4
Let c = -1232 - -1286. What is the greatest common factor of 702 and c?
54
Suppose -5*h + 84 = -6. What is the highest common factor of h and 6?
6
Let q be 14/(-35) - (-122)/5. Calculate the highest common divisor of q and 96.
24
Let h be 12 - 13 - (-1 + 1). Let w be -55 + 86 + 0 + 1/h. Calculate the greatest common factor of w and 150.
30
Let s = 4 + 4. Let w(d) = 10*d**2 - 2*d - 24. Let r be w(-3). What is the greatest common divisor of s and r?
8
Suppose b - 36*m - 50 = -35*m, -2*b - 4*m + 94 = 0. What is the greatest common factor of 245 and b?
49
Let d = -35 + 25. Let k = 22 + d. Suppose -5*n - 4*r + 52 = 0, -4*n - 2*r = -30 - 8. What is the highest common divisor of k and n?
4
Let p be (-112)/(-80)*2/7*15. Suppose 2*j + 13 = 2*s - 25, -3*s = -5*j - 65. What is the greatest common divisor of p and s?
3
Suppose -12*l + 9*l = -648. Calculate the greatest common factor of 56 and l.
8
Suppose 0 = 4*d - 4*k - 52, 32 = -0*d + 2*d - 5*k. Suppose 2*o + 13 = -d. Let r be (-2 - o)/(2/9). Calculate the highest common divisor of 18 and r.
9
Let j(x) = x**2 - x + 21. Let v be j(0). Let p(q) = 63*q. Let s be p(3). Calculate the highest common divisor of v and s.
21
Let m(u) = 17*u + 329. Let a be m(7). What is the highest common divisor of 14 and a?
14
Suppose -5*r + 2*r - 3*k + 156 = 0, -3*k - 144 = -3*r. Suppose -2*l + 4*o + r + 54 = 0, l + 3*o - 77 = 0. What is the greatest common factor of 62 and l?
62
Let j be (-16)/20*(-1 + -4). Let w = -38 + 70. Calculate the highest common divisor of j and w.
4
Let p = -40 - -56. Let z(r) = r - 15. Let b be z(15). Suppose -96 = -2*j - b*j. Calculate the highest common divisor of j and p.
16
Suppose 12 = 11*v - 8*v, 0 = -5*r - 2*v - 17. Let d(c) = 5*c**2 + 5*c - 6. Let k be d(r). What is the greatest common factor of k and 47?
47
Suppose 0 = -2*k - 3*w + 10 + 38, -5*k + 120 = -5*w. Calculate the greatest common divisor of k and 3.
3
Suppose 3*l - 187 = 257. Let d be l/18 + 4/(-18). Let y be 15/(-6)*384/(-40). What is the highest common divisor of d and y?
8
Let b be 9 + 0 + (2 - 5). Let m(w) = 21*w + 12. Let x be m(b). Let s be (60/(-4))/5 + x. What is the greatest common factor of 15 and s?
15
Let o be ((-147)/(-28))/((-24)/(-32)). What is the highest common factor of 1981 and o?
7
Let q = 67 + -10. Let k = q + -49. Calculate the highest common divisor of k and 12.
4
Let j(i) = -i**3 + 22*i**2 - 100*i - 28. Let t be j(7). Let b = 12 - 5. What is the highest common divisor of t and b?
7
Let z(q) = 0*q**3 + 5*q**2 + 7*q - 5*q**3 + 5*q**3 + 5 - q**3. Let y be z(6). What is the highest common factor of y and 77?
11
Let y = -302 + 324. What is the greatest common divisor of 638 and y?
22
Let n be 9 + 1*-2 + (-4)/(-4). Let v be (-170)/(-5) - (-12)/n*2. What is the highest common factor of 185 and v?
37
Let w(i) = i + 123. Let l be w(0). Suppose 16*o = -14*o + 1230. What is the greatest common divisor of o and l?
41
Let q = 285 - -92. What is the greatest common divisor of q and 39?
13
Let t(i) = 0*i**2 + 16*i - i**2 + 2*i - 2. Let n be t(8). Calculate the highest common factor of n and 52.
26
Let x be -13 + 103 - (-4)/(-2). Suppose -3*d + 20 + x = 0. What is the highest common divisor of d and 9?
9
Let o be 6*(2 - 2/2). Suppose -16*q + 31 + 17 = 0. Let x be (18 - q)/(o/32). Calculate the greatest common divisor of 32 and x.
16
Suppose -2*r = -3*n - 209 + 966, 0 = 4*n + 3*r - 1015. Let b be ((-2)/4)/((-4)/184). What is the greatest common divisor of n and b?
23
Let a(x) = -26*x - 111. Let q be a(-14). Calculate the greatest common divisor of 23 and q.
23
Suppose 5*x = -a + 658, -x + 65 = -a - 69. Calculate the highest common factor of x and 99.
33
Suppose -2*p + 2*h - 18 = -70, 0 = 3*p - 2*h - 75. What is the highest common divisor of p and 8?
1
Suppose -2*l + 3*l + 127 = 4*y, 3*y = l + 95. Calculate the greatest common factor of y and 176.
16
Let v(u) = -5*u**2 - 2 + u**3 + 11*u**2 - 4*u + 3*u. Let h be v(-6). Suppose 96 - 460 = -h*c. What is the highest common divisor of c and 13?
13
Suppose -19*v - 11*v = -960. Calculate the greatest common divisor of 80 and v.
16
Let k = -128 - -180. Calculate the highest common factor of k and 728.
52
Let x be 1218/145 + 3/5. Suppose x*j = 945 - 270. What is the greatest common factor of 50 and j?
25
Let w be (-21 + -1)*(-2)/(-4)*-9. What is the greatest common divisor of w and 33?
33
Let h = -4 - -43. Suppose 5*u = 2*b - 5, 2*b - u - u - 8 = 0. Let f = b - -8. What is the greatest common divisor of h and f?
13
Suppose -w = 4*w + 10, -3*p = -w - 308. Calculate the highest common factor of 18 and p.
6
Suppose 2*w + 24 = 4*n, 0 = -3*n + 2*w + 29 - 9. Suppose -n*p + 0*p = -96. What is the highest common divisor of p and 36?
12
Let f(w) = -20*w - 3 + 35*w + 20 - 16*w. Let b be f(-11). Calculate the greatest common divisor of b and 98.
14
Let h(v) = 19*v**2 - 16. Let b be h(6). Suppose 846 = 5*q - j, 4*q = -0*j + 3*j + b. What is the highest common divisor of q and 68?
34
Let f be ((-11)/33)/(0 - (-1)/(-561)). Let p = -134 - -145. What is the greatest common divisor of f and p?
11
Suppose 2*k + 3*u - 70 = -0*k, 0 = -5*k - 2*u + 153. Let j = 59 - k. Let h = 44 + -24. Calculate the greatest common divisor of h and j.
10
Let f(j) = 54*j**2 + 316*j + 8. Let z be f(-6). What is the greatest common factor of z and 728?
56
Let b be (3375/(-100))/((-6)/16). Let f be 12/(-4)*(-4)/(-3). Let k be 1/(-1)*40/f. Calculate the greatest common divisor of k and b.
10
Suppose -11*d + 12*d = -14. Let s be d*((-2)/4 + -3 + -3). What is the highest common factor of 26 and s?
13
Let m be 4 - ((-20)/(-2) - 4). Let h be (1 - -31)*(-5)/m. What is the greatest common divisor of h and 10?
10
Suppose 7261 = 22*w - 2969. Calculate the gre